{"id":2726,"date":"2024-03-05T20:18:59","date_gmt":"2024-03-05T20:18:59","guid":{"rendered":"https:\/\/testesvalorem.com\/sunbay\/?page_id=2726"},"modified":"2024-03-05T20:24:59","modified_gmt":"2024-03-05T20:24:59","slug":"restaurante-2","status":"publish","type":"page","link":"https:\/\/testesvalorem.com\/sunbay\/restaurante-2\/","title":{"rendered":"Caf\u00e9 da Manh\u00e3"},"content":{"rendered":"\t\t<div data-elementor-type=\"wp-page\" data-elementor-id=\"2726\" class=\"elementor elementor-2726\" data-elementor-post-type=\"page\">\n\t\t\t\t<div class=\"elementor-element elementor-element-09409ef e-con-full e-flex e-con e-parent\" data-id=\"09409ef\" data-element_type=\"container\" data-settings=\"{&quot;background_background&quot;:&quot;classic&quot;}\">\n\t\t<div class=\"elementor-element elementor-element-02084ff e-con-full e-flex e-con e-child\" data-id=\"02084ff\" data-element_type=\"container\">\n\t\t\t\t<div class=\"elementor-element elementor-element-a76fab5 elementor-widget elementor-widget-heading\" data-id=\"a76fab5\" data-element_type=\"widget\" data-widget_type=\"heading.default\">\n\t\t\t\t<div class=\"elementor-widget-container\">\n\t\t\t\t\t<h2 class=\"elementor-heading-title elementor-size-default\"><strong>Caf\u00e9 da Manh\u00e3 <\/strong><\/h2>\t\t\t\t<\/div>\n\t\t\t\t<\/div>\n\t\t\t\t<div class=\"elementor-element elementor-element-5b34d24 elementor-widget elementor-widget-text-editor\" data-id=\"5b34d24\" data-element_type=\"widget\" data-widget_type=\"text-editor.default\">\n\t\t\t\t<div class=\"elementor-widget-container\">\n\t\t\t\t\t\t\t\t\t<p><strong>Nosso caf\u00e9 da manh\u00e3 \u00e9 servido das 7:00h \u00e0s 10:00h no restaurante adjacente \u00e0 \u00e1rea das piscinas.<\/strong><\/p><p>Est\u00e1 incluso na di\u00e1ria e \u00e9 oferecido no sistema de buffet regional. Montado numa grande esta\u00e7\u00e3o decorada com flores tropicais, servimos frutas, cereais, p\u00e3es, bolos, pratos quentes, frios, sucos, leites e caf\u00e9. A aut\u00eantica tapioca nordestina e o queijo de coalho n\u00e3o poderiam faltar.<\/p>\t\t\t\t\t\t\t\t<\/div>\n\t\t\t\t<\/div>\n\t\t\t\t<\/div>\n\t\t<div class=\"elementor-element elementor-element-1f038c6 e-con-full e-flex e-con e-child\" data-id=\"1f038c6\" data-element_type=\"container\" data-settings=\"{&quot;background_background&quot;:&quot;classic&quot;}\">\n\t\t\t\t<\/div>\n\t\t\t\t<\/div>\n\t\t<div class=\"elementor-element elementor-element-c0e1bdf e-con-full e-flex e-con e-parent\" data-id=\"c0e1bdf\" data-element_type=\"container\">\n\t\t<div class=\"elementor-element elementor-element-0b7eb19 e-con-full e-flex e-con e-child\" data-id=\"0b7eb19\" data-element_type=\"container\" data-settings=\"{&quot;background_background&quot;:&quot;classic&quot;}\">\n\t\t\t\t<div class=\"elementor-element elementor-element-2dbb0fc elementor-widget elementor-widget-heading\" data-id=\"2dbb0fc\" data-element_type=\"widget\" data-widget_type=\"heading.default\">\n\t\t\t\t<div class=\"elementor-widget-container\">\n\t\t\t\t\t<h2 class=\"elementor-heading-title elementor-size-default\"><i>Informa\u00e7\u00f5es importantes<\/i><\/h2>\t\t\t\t<\/div>\n\t\t\t\t<\/div>\n\t\t\t\t<div class=\"elementor-element elementor-element-ec57179 elementor-widget elementor-widget-text-editor\" data-id=\"ec57179\" data-element_type=\"widget\" data-widget_type=\"text-editor.default\">\n\t\t\t\t<div class=\"elementor-widget-container\">\n\t\t\t\t\t\t\t\t\t<ul><li><p>Nosso servi\u00e7o de caf\u00e9 da manh\u00e3 limita-se a \u00e1rea do restaurante. Solicitamos n\u00e3o frequentar o mesmo sem camisa, em traje de banho e\/ou com roupas molhadas;<\/p><\/li><li><p>\u00c9 proibido fumar na \u00e1rea do restaurante.<\/p><\/li><\/ul>\t\t\t\t\t\t\t\t<\/div>\n\t\t\t\t<\/div>\n\t\t\t\t<\/div>\n\t\t<div class=\"elementor-element elementor-element-986b746 e-con-full e-flex e-con e-child\" data-id=\"986b746\" data-element_type=\"container\" data-settings=\"{&quot;background_background&quot;:&quot;slideshow&quot;,&quot;background_slideshow_gallery&quot;:[{&quot;id&quot;:2729,&quot;url&quot;:&quot;https:\\\/\\\/testesvalorem.com\\\/sunbay\\\/wp-content\\\/uploads\\\/2024\\\/03\\\/cafe-da-manha-03.jpg&quot;}],&quot;background_slideshow_slide_duration&quot;:3000,&quot;background_slideshow_transition_duration&quot;:800,&quot;background_slideshow_ken_burns&quot;:&quot;yes&quot;,&quot;background_slideshow_loop&quot;:&quot;yes&quot;,&quot;background_slideshow_slide_transition&quot;:&quot;fade&quot;,&quot;background_slideshow_ken_burns_zoom_direction&quot;:&quot;in&quot;}\">\n\t\t\t\t<\/div>\n\t\t\t\t<\/div>\n\t\t\t\t<\/div>\n\t\t","protected":false},"excerpt":{"rendered":"<p>Caf\u00e9 da Manh\u00e3 Nosso caf\u00e9 da manh\u00e3 \u00e9 servido das 7:00h \u00e0s 10:00h no restaurante adjacente \u00e0 \u00e1rea das piscinas. Est\u00e1 incluso na di\u00e1ria e \u00e9 oferecido no sistema de buffet regional. Montado numa grande esta\u00e7\u00e3o decorada com flores tropicais, servimos frutas, cereais, p\u00e3es, bolos, pratos quentes, frios, sucos, leites e caf\u00e9. A aut\u00eantica tapioca [&hellip;]<\/p>\n","protected":false},"author":1,"featured_media":0,"parent":0,"menu_order":0,"comment_status":"closed","ping_status":"closed","template":"","meta":{"inline_featured_image":false,"footnotes":""},"class_list":["post-2726","page","type-page","status-publish","hentry"],"_links":{"self":[{"href":"https:\/\/testesvalorem.com\/sunbay\/wp-json\/wp\/v2\/pages\/2726","targetHints":{"allow":["GET"]}}],"collection":[{"href":"https:\/\/testesvalorem.com\/sunbay\/wp-json\/wp\/v2\/pages"}],"about":[{"href":"https:\/\/testesvalorem.com\/sunbay\/wp-json\/wp\/v2\/types\/page"}],"author":[{"embeddable":true,"href":"https:\/\/testesvalorem.com\/sunbay\/wp-json\/wp\/v2\/users\/1"}],"replies":[{"embeddable":true,"href":"https:\/\/testesvalorem.com\/sunbay\/wp-json\/wp\/v2\/comments?post=2726"}],"version-history":[{"count":12,"href":"https:\/\/testesvalorem.com\/sunbay\/wp-json\/wp\/v2\/pages\/2726\/revisions"}],"predecessor-version":[{"id":2744,"href":"https:\/\/testesvalorem.com\/sunbay\/wp-json\/wp\/v2\/pages\/2726\/revisions\/2744"}],"wp:attachment":[{"href":"https:\/\/testesvalorem.com\/sunbay\/wp-json\/wp\/v2\/media?parent=2726"}],"curies":[{"name":"wp","href":"https:\/\/api.w.org\/{rel}","templated":true}]}}