{"id":2709,"date":"2024-03-05T20:13:16","date_gmt":"2024-03-05T20:13:16","guid":{"rendered":"https:\/\/testesvalorem.com\/sunbay\/?page_id=2709"},"modified":"2024-03-07T17:04:05","modified_gmt":"2024-03-07T17:04:05","slug":"restaurante","status":"publish","type":"page","link":"https:\/\/testesvalorem.com\/sunbay\/restaurante\/","title":{"rendered":"Restaurante"},"content":{"rendered":"\t\t<div data-elementor-type=\"wp-page\" data-elementor-id=\"2709\" class=\"elementor elementor-2709\" data-elementor-post-type=\"page\">\n\t\t\t\t<div class=\"elementor-element elementor-element-25758ef elementor-hidden-desktop elementor-hidden-tablet e-flex e-con-boxed e-con e-child\" data-id=\"25758ef\" data-element_type=\"container\">\n\t\t\t\t\t<div class=\"e-con-inner\">\n\t\t\t\t<div class=\"elementor-element elementor-element-b9ee283 elementor-widget elementor-widget-spacer\" data-id=\"b9ee283\" data-element_type=\"widget\" data-widget_type=\"spacer.default\">\n\t\t\t\t<div class=\"elementor-widget-container\">\n\t\t\t\t\t\t\t<div class=\"elementor-spacer\">\n\t\t\t<div class=\"elementor-spacer-inner\"><\/div>\n\t\t<\/div>\n\t\t\t\t\t\t<\/div>\n\t\t\t\t<\/div>\n\t\t\t\t\t<\/div>\n\t\t\t\t<\/div>\n\t\t<div class=\"elementor-element elementor-element-09409ef e-con-full e-flex e-con e-parent\" data-id=\"09409ef\" data-element_type=\"container\" data-settings=\"{&quot;background_background&quot;:&quot;classic&quot;}\">\n\t\t<div class=\"elementor-element elementor-element-02084ff e-con-full e-flex e-con e-child\" data-id=\"02084ff\" data-element_type=\"container\">\n\t\t\t\t<div class=\"elementor-element elementor-element-a76fab5 elementor-widget elementor-widget-heading\" data-id=\"a76fab5\" data-element_type=\"widget\" data-widget_type=\"heading.default\">\n\t\t\t\t<div class=\"elementor-widget-container\">\n\t\t\t\t\t<h2 class=\"elementor-heading-title elementor-size-default\"><strong>Restaurante <\/strong><i>Sun Bay<\/i><\/h2>\t\t\t\t<\/div>\n\t\t\t\t<\/div>\n\t\t\t\t<div class=\"elementor-element elementor-element-a2119c0 elementor-widget elementor-widget-text-editor\" data-id=\"a2119c0\" data-element_type=\"widget\" data-widget_type=\"text-editor.default\">\n\t\t\t\t<div class=\"elementor-widget-container\">\n\t\t\t\t\t\t\t\t\t<p>Desfrute nossa deliciosa gastronomia regional enquanto voc\u00ea escuta o melhor da m\u00fasica ao vivo toda sexta e s\u00e1bados no Bar Molhado.<\/p>\t\t\t\t\t\t\t\t<\/div>\n\t\t\t\t<\/div>\n\t\t\t\t<div class=\"elementor-element elementor-element-5b34d24 elementor-widget elementor-widget-text-editor\" data-id=\"5b34d24\" data-element_type=\"widget\" data-widget_type=\"text-editor.default\">\n\t\t\t\t<div class=\"elementor-widget-container\">\n\t\t\t\t\t\t\t\t\t<p>Nossos pratos s\u00e3o \u00e0 la carte e possu\u00edmos um card\u00e1pio diversificado com frutos do mar, carnes, massas, caldos, sobremesas, entradas e uma variada carta de bebidas. Descubra nossas promo\u00e7\u00f5es semanais!<\/p><p>Nosso restaurante \u00e9 aberto ao p\u00fablico, voc\u00ea e sua fam\u00edlia s\u00e3o muito bem vindos. Venha experimentar!<\/p>\t\t\t\t\t\t\t\t<\/div>\n\t\t\t\t<\/div>\n\t\t\t\t<\/div>\n\t\t<div class=\"elementor-element elementor-element-1f038c6 e-con-full e-flex e-con e-child\" data-id=\"1f038c6\" data-element_type=\"container\" data-settings=\"{&quot;background_background&quot;:&quot;classic&quot;}\">\n\t\t\t\t<\/div>\n\t\t\t\t<\/div>\n\t\t<div class=\"elementor-element elementor-element-c0e1bdf e-con-full e-flex e-con e-parent\" data-id=\"c0e1bdf\" data-element_type=\"container\">\n\t\t<div class=\"elementor-element elementor-element-0b7eb19 e-con-full e-flex e-con e-child\" data-id=\"0b7eb19\" data-element_type=\"container\" data-settings=\"{&quot;background_background&quot;:&quot;classic&quot;}\">\n\t\t\t\t<div class=\"elementor-element elementor-element-2dbb0fc elementor-widget elementor-widget-heading\" data-id=\"2dbb0fc\" data-element_type=\"widget\" data-widget_type=\"heading.default\">\n\t\t\t\t<div class=\"elementor-widget-container\">\n\t\t\t\t\t<h2 class=\"elementor-heading-title elementor-size-default\"><i>Informa\u00e7\u00f5es importantes<\/i><\/h2>\t\t\t\t<\/div>\n\t\t\t\t<\/div>\n\t\t\t\t<div class=\"elementor-element elementor-element-ec57179 elementor-widget elementor-widget-text-editor\" data-id=\"ec57179\" data-element_type=\"widget\" data-widget_type=\"text-editor.default\">\n\t\t\t\t<div class=\"elementor-widget-container\">\n\t\t\t\t\t\t\t\t\t<h5><strong>Funcionamento: Todos os dias de 11:00hs \u00e0s 22:00hs.<\/strong><\/h5><ul><li>\u00c9 terminantemente proibido o consumo de bebidas e comidas que n\u00e3o sejam do hotel nas \u00e1reas comuns, bem como o uso de churrasqueiras el\u00e9tricas e aparelhos de som;<\/li><li>Hor\u00e1rio de funcionamento do bar molhado das 10h00h \u00e0s 17h00h. Solicitamos que n\u00e3o sejam usados cremes e \u00f3leos bronzeadores antes de entrar na piscina, a fim de assegurar a higiene do ambiente;<\/li><li>O uso das pulseiras de identifica\u00e7\u00e3o \u00e9 obrigat\u00f3rio para a seguran\u00e7a de todos;<\/li><li>\u00c9 proibido fumar na \u00e1rea do restaurante.<\/li><\/ul>\t\t\t\t\t\t\t\t<\/div>\n\t\t\t\t<\/div>\n\t\t\t\t<\/div>\n\t\t<div class=\"elementor-element elementor-element-986b746 e-con-full e-flex e-con e-child\" data-id=\"986b746\" data-element_type=\"container\" data-settings=\"{&quot;background_background&quot;:&quot;slideshow&quot;,&quot;background_slideshow_gallery&quot;:[{&quot;id&quot;:2711,&quot;url&quot;:&quot;https:\\\/\\\/testesvalorem.com\\\/sunbay\\\/wp-content\\\/uploads\\\/2024\\\/03\\\/rest-01.jpg&quot;},{&quot;id&quot;:2712,&quot;url&quot;:&quot;https:\\\/\\\/testesvalorem.com\\\/sunbay\\\/wp-content\\\/uploads\\\/2024\\\/03\\\/rest-02.jpg&quot;},{&quot;id&quot;:2713,&quot;url&quot;:&quot;https:\\\/\\\/testesvalorem.com\\\/sunbay\\\/wp-content\\\/uploads\\\/2024\\\/03\\\/rest-03.jpg&quot;},{&quot;id&quot;:2714,&quot;url&quot;:&quot;https:\\\/\\\/testesvalorem.com\\\/sunbay\\\/wp-content\\\/uploads\\\/2024\\\/03\\\/rest-04.jpg&quot;},{&quot;id&quot;:2715,&quot;url&quot;:&quot;https:\\\/\\\/testesvalorem.com\\\/sunbay\\\/wp-content\\\/uploads\\\/2024\\\/03\\\/rest-05.jpg&quot;},{&quot;id&quot;:2716,&quot;url&quot;:&quot;https:\\\/\\\/testesvalorem.com\\\/sunbay\\\/wp-content\\\/uploads\\\/2024\\\/03\\\/rest-06.jpg&quot;}],&quot;background_slideshow_slide_duration&quot;:3000,&quot;background_slideshow_transition_duration&quot;:800,&quot;background_slideshow_ken_burns&quot;:&quot;yes&quot;,&quot;background_slideshow_loop&quot;:&quot;yes&quot;,&quot;background_slideshow_slide_transition&quot;:&quot;fade&quot;,&quot;background_slideshow_ken_burns_zoom_direction&quot;:&quot;in&quot;}\">\n\t\t\t\t<\/div>\n\t\t\t\t<\/div>\n\t\t\t\t<\/div>\n\t\t","protected":false},"excerpt":{"rendered":"<p>Restaurante Sun Bay Desfrute nossa deliciosa gastronomia regional enquanto voc\u00ea escuta o melhor da m\u00fasica ao vivo toda sexta e s\u00e1bados no Bar Molhado. Nossos pratos s\u00e3o \u00e0 la carte e possu\u00edmos um card\u00e1pio diversificado com frutos do mar, carnes, massas, caldos, sobremesas, entradas e uma variada carta de bebidas. Descubra nossas promo\u00e7\u00f5es semanais! Nosso [&hellip;]<\/p>\n","protected":false},"author":1,"featured_media":0,"parent":0,"menu_order":0,"comment_status":"closed","ping_status":"closed","template":"","meta":{"inline_featured_image":false,"footnotes":""},"class_list":["post-2709","page","type-page","status-publish","hentry"],"_links":{"self":[{"href":"https:\/\/testesvalorem.com\/sunbay\/wp-json\/wp\/v2\/pages\/2709","targetHints":{"allow":["GET"]}}],"collection":[{"href":"https:\/\/testesvalorem.com\/sunbay\/wp-json\/wp\/v2\/pages"}],"about":[{"href":"https:\/\/testesvalorem.com\/sunbay\/wp-json\/wp\/v2\/types\/page"}],"author":[{"embeddable":true,"href":"https:\/\/testesvalorem.com\/sunbay\/wp-json\/wp\/v2\/users\/1"}],"replies":[{"embeddable":true,"href":"https:\/\/testesvalorem.com\/sunbay\/wp-json\/wp\/v2\/comments?post=2709"}],"version-history":[{"count":22,"href":"https:\/\/testesvalorem.com\/sunbay\/wp-json\/wp\/v2\/pages\/2709\/revisions"}],"predecessor-version":[{"id":3230,"href":"https:\/\/testesvalorem.com\/sunbay\/wp-json\/wp\/v2\/pages\/2709\/revisions\/3230"}],"wp:attachment":[{"href":"https:\/\/testesvalorem.com\/sunbay\/wp-json\/wp\/v2\/media?parent=2709"}],"curies":[{"name":"wp","href":"https:\/\/api.w.org\/{rel}","templated":true}]}}